of 68 and p.
17
Suppose 4*h - 36 = 6*h. Let g be h*(2 - (-21)/(-9)). Calculate the highest common divisor of 15 and g.
3
Let c(r) = -2*r**3 - r**2 - 2*r - 1. Let w be c(-1). Let q = -1 + w. Calculate the greatest common factor of q and 3.
1
Let h = 2 + 14. Let w be (5 + -4)/(2/h). What is the greatest common factor of w and 16?
8
Suppose m + 4 - 6 = 0. What is the greatest common divisor of 4 and m?
2
Let x(c) = c + 16. Let y be x(-11). Calculate the greatest common divisor of 55 and y.
5
Suppose -3*x + 560 = 2*x. Let r be ((-11)/4)/((-4)/x). What is the greatest common divisor of r and 7?
7
Let x be (53*1)/((-4)/(-8)). Let q = x - 71. What is the greatest common factor of 5 and q?
5
Let a(j) = -j**3 - 6*j**2 - 4*j + 1. Let l be a(-4). Let q = -9 - l. Let f = 11 - q. Calculate the greatest common factor of 5 and f.
5
Let i be (-3)/6*(-12)/3. Calculate the highest common divisor of 14 and i.
2
Let t be (-12 + 11)/(22/12 - 2). Let m = -6 - -3. Let w(q) = 2*q**2 - 5*q - 3. Let c be w(m). Calculate the highest common factor of c and t.
6
Let q be 0 + 1 - -1 - -3. Let r(w) = 2 + 0 - 4*w - 2*w. Let f be r(-3). What is the highest common divisor of f and q?
5
Let y be (11 - -3) + 1*-2. Calculate the greatest common divisor of y and 36.
12
Let m = 28 - 25. Calculate the highest common divisor of m and 12.
3
Let z be (-9)/(-6)*(-96)/(-9). Calculate the greatest common divisor of 64 and z.
16
Let a = -6 - -22. What is the greatest common divisor of a and 56?
8
Suppose 5*h + 20 = 0, -3*k = k + 5*h - 20. What is the greatest common factor of 25 and k?
5
Suppose -3*y + 2*y = -5*h + 18, 4*h = -y + 18. Suppose o - 81 = -y*o. Calculate the greatest common divisor of o and 9.
9
Let a = 20 - 12. Suppose 27 + 53 = 10*x. Calculate the highest common factor of a and x.
8
Let q be 16/6*(-6)/(-4). Let r = 2 - -6. What is the highest common divisor of q and r?
4
Let z = -25 + 25. Suppose z = 2*d - 3*y - 23, 31 = 5*d - 3*y - 22. Suppose -5*l + 43 = -107. What is the greatest common divisor of d and l?
10
Let y be (-1)/(((-28)/(-16))/(-7)). Calculate the greatest common divisor of 24 and y.
4
Suppose -4*u - y = -4*y - 89, -2*y - 113 = -5*u. Suppose -3*n + o = -u - 6, -4*n + 40 = -o. Calculate the highest common divisor of 55 and n.
11
Let l = 1090 - 682. Suppose 7*w = 4*w + l. Calculate the greatest common divisor of w and 17.
17
Let v(y) = -y**2 + 13*y. Let t be v(9). Calculate the greatest common factor of 12 and t.
12
Let f = -15 + 16. Let c be 38 + f/1*2. Let s(x) = -x**3 - 4*x**2 - 3*x - 2. Let m be s(-4). What is the greatest common factor of c and m?
10
Let a be (-3 - -18)*(-4)/(-3). Let s = a - -6. Calculate the greatest common divisor of 26 and s.
26
Let f be 1*(2 + -1)*(11 + 89). What is the highest common factor of 75 and f?
25
Suppose -3*s = s - 8. Suppose c + 9 = -n + 2*n, s*n = -4*c - 6. Let y = 50 - -5. Calculate the greatest common divisor of n and y.
5
Let l = 2 + 17. What is the highest common divisor of l and 95?
19
Let l = 20 + -16. Suppose -l*d + 8*d = 56. What is the highest common factor of d and 112?
14
Suppose 0*s + 84 = -4*s. Let u be s/6 - 1/(-2). Let b be (-2)/3 - 5/u. What is the greatest common divisor of b and 1?
1
Let l be 12/(-8)*(-28)/6. What is the greatest common divisor of 56 and l?
7
Suppose 0*u + 35 = 5*u. Calculate the greatest common factor of u and 28.
7
Suppose 2*p - 2*n + 0*n = 32, 0 = -p + 4*n + 28. Calculate the greatest common divisor of 24 and p.
12
Let d be 28/8 + (-9)/(-6). Let x = 26 - 11. What is the greatest common factor of d and x?
5
Let g be 4/10 - 26/(-10). Let t be 0/(3/6*-2). Suppose t*y = -4*y + 48. Calculate the greatest common divisor of y and g.
3
Suppose g = -b + 8, 0*g + 20 = 4*g. Let x be 3/b*42/6. What is the greatest common factor of x and 35?
7
Let a(f) = 3*f - 66. Let m(l) = -5*l + 133. Let t(j) = 7*a(j) + 4*m(j). Let w = 3 + -3. Let d be t(w). Calculate the highest common factor of d and 28.
14
Suppose 0 = 8*w - 1469 + 389. Calculate the highest common divisor of 54 and w.
27
Let b(j) = 4*j - 14. Let o be b(4). Suppose -z = o*p - 243, 117 = p - 3*z + 2*z. What is the highest common factor of 30 and p?
30
Let o be (-2)/7 + 1076/(-7). Let q be (-157 - 9)*(2 + 7/(-2)). Let s = q + o. Calculate the greatest common factor of 19 and s.
19
Suppose r - 5*r + 5*v + 37 = 0, 3*v = 4*r - 35. Calculate the highest common divisor of 72 and r.
8
Let d(m) = -20*m + 7. Suppose p - 2*a + 4*a - 3 = 0, -p + 3*a - 22 = 0. Let y be d(p). Let v = y - 66. Calculate the greatest common divisor of v and 9.
9
Suppose 3*a + a = 144. Suppose -72 = -5*g - g. What is the highest common factor of a and g?
12
Suppose -3*u + 36 = -0*u. Let s = -16 + 20. What is the highest common factor of u and s?
4
Suppose 5*a - 4*y + 6*y = 4, -a - 13 = 5*y. Suppose 0 = a*d - 3 - 13. What is the highest common factor of 40 and d?
8
Suppose -3*z + h + 56 - 1 = 0, 0 = -2*z + 2*h + 38. Let t = -7 + z. Suppose x + 29 = 3*w + 5*x, w = -x + t. What is the greatest common factor of w and 10?
5
Let s be 20/4 + (-1 - -1). Let l be 5/3*-3 - -45. What is the highest common divisor of l and s?
5
Let p be (-12 - 10)/(-2 - 0). Calculate the greatest common factor of 77 and p.
11
Suppose -4*l - 7*a + 3*a = -88, 0 = l - 2*a - 28. Calculate the highest common divisor of l and 60.
12
Suppose -2*d = -4*b - 5 - 91, -4*d - 3*b + 148 = 0. What is the highest common factor of d and 10?
10
Suppose -3*u = -0*u - 3. Let k = -8 - u. Let m(n) = n**2 + 9*n + 5. Let p be m(k). What is the highest common divisor of 5 and p?
5
Suppose -2*n + 110 = 96. Suppose 0 = -2*g - 2*g + 32. Let s be (-38 + 3)*g/(-10). Calculate the highest common divisor of n and s.
7
Let o(x) = -x + 5. Let t be o(-7). Let b = 155 - 47. What is the highest common factor of b and t?
12
Suppose 32 + 26 = 3*u + b, b = -4*u + 76. What is the highest common divisor of u and 18?
18
Let o(k) = -k**2 + k. Let a be o(1). Suppose 2*c + c - 252 = a. Let y = c + -52. Calculate the highest common divisor of y and 8.
8
Let q = -94 + 134. Calculate the greatest common factor of 30 and q.
10
Suppose -5*a + 0*a + 25 = 0. Suppose 2*n = a*n - 429. What is the highest common divisor of 13 and n?
13
Let y = -1 + -1. Let x(f) = 4*f**3 + f + 2. Let l be x(y). Let c be l/10*15/(-3). Calculate the highest common factor of 24 and c.
8
Let u(b) = -b**3 - 7*b**2 - 5*b - 2. Let p be u(-4). Let y be (64/12)/((-4)/p). Let q = y + 8. Calculate the greatest common factor of q and 6.
6
Let k = -12 - -23. Let f(v) = 4 - 2*v + 1 - v + 8*v**2. Let j be f(4). Calculate the highest common divisor of j and k.
11
Let w be 2 + 1 + (4 - 2). Suppose w*l - l - 440 = 0. What is the greatest common factor of l and 22?
22
Suppose 5*j - 28 + 8 = 0. Let r be (-68)/5*(j + -14). What is the highest common divisor of 17 and r?
17
Let x = -23 - -13. Let s be (12/(-10))/(2/x). What is the highest common factor of 15 and s?
3
Suppose -3*b + 6 = 2*a - 2*b, b = -3*a + 9. Suppose 151 = a*j - 2*d - 318, 3*j = -d + 454. What is the highest common divisor of j and 17?
17
Let t be (-10)/(-6) - (-1)/3. Suppose 0*r - 4 = -2*r. Calculate the greatest common factor of r and t.
2
Suppose -j = -2*s + 3, 4*j = 2*s - s - 19. Let c(l) = -l**3 - 5*l**2 - 2*l + 5. Let u be c(j). Calculate the highest common factor of u and 5.
5
Let f be ((-3)/6)/1*0. Suppose 0 = 4*a + t - 66, f*a - 3*t + 54 = 3*a. Calculate the greatest common factor of a and 32.
16
Let d = 54 + -32. Calculate the greatest common divisor of 11 and d.
11
Let s(k) = k + 5. Let o be s(7). What is the greatest common divisor of 4 and o?
4
Let b(i) = i. Let v be b(-12). Let y = 21 - v. Suppose 5*h - 49 = 2*j - 0*j, j - 25 = -2*h. What is the highest common factor of y and h?
11
Let u = -7 + 29. Calculate the highest common factor of u and 2.
2
Suppose 4*a + 56 = 3*v - 0*a, -5*a + 35 = 5*v. Let u be 2/9 - 1284/(-54). What is the highest common factor of u and v?
12
Let c(h) = h**2 + 0*h + 4*h + 4 - 3. Let o be c(-4). Suppose -o = -u - 0. Calculate the highest common factor of u and 5.
1
Let c(u) = u**3 - 10*u**2 - 23*u - 6. Let b be c(12). What is the highest common divisor of b and 24?
6
Let j be (34/3)/(2/24). Let r = -96 + j. Suppose 2*h + 0*h = r. Calculate the highest common divisor of h and 5.
5
Let f(k) = 